 = 44 + 72, -t + 41 = 2*l. What is the remainder when t is divided by (1 - -13)*2898/1932?
18
Let p = 29 - 24. Suppose -2*t - 5*b = 2 - p, 5*t - 5*b - 25 = 0. Let z(i) = 4*i. Calculate the remainder when 63 is divided by z(t).
15
Suppose -3*t + 41 = 5*a, 60 = 3*t + 2*a + 13. Let i = 32 + t. Suppose -g = -l + 15, i = 3*l - 0*g + g. What is the remainder when l is divided by 9?
7
What is the remainder when 94 is divided by (25 - 28 - 2/2) + 94?
4
Let k = 42 + -48. What is the remainder when 28 is divided by (-32)/(-6) - -2 - k/9?
4
What is the remainder when 74 is divided by -4 + (-455)/(-15) - 4/3?
24
Let s(l) = -14*l + 3. Calculate the remainder when 267 is divided by s(-3).
42
Suppose 134*r + 3871 = 213*r. Let h(g) = -g**3 + 4*g + 2. Calculate the remainder when r is divided by h(-3).
15
Suppose 3*j - 4*b - 44 = -9, -j + 4*b = -25. Let q(f) = f**2 - 3*f + 4. Let w = -79 + 133. What is the remainder when w is divided by q(j)?
12
Suppose 3*d - 2*w = 279, 7*d - 5*d = 3*w + 191. Calculate the remainder when d is divided by 79.
12
Let q = -55 + 63. Let x(f) = 2*f**2 + 5*f + 7. Let d be x(-5). Suppose 5*h - d = 33. Calculate the remainder when h is divided by q.
5
Suppose 0 = 2*u - 8 - 18. Suppose -5*i - u = -k + 4*k, -41 = -4*k + 5*i. Calculate the remainder when 5 is divided by k.
1
Let b(a) = -a**2 - 2*a + 37. Calculate the remainder when 10 is divided by b(5).
0
Suppose -2*v + 4*f = -f + 5, 4*v - 2*f - 14 = 0. Calculate the remainder when (-150)/(-14) - (-4)/14 is divided by v.
1
Let n(m) = -2*m**2 + 14*m + 3. Let i = -85 - -132. Calculate the remainder when i is divided by n(6).
2
Let t(k) = 3*k + 14. Let h be t(-6). What is the remainder when 15 is divided by (288/80)/(h/(-10))?
6
Let x(s) be the third derivative of 0*s + 2*s**2 + 1/6*s**3 + 0 + 5/24*s**4. What is the remainder when 61 is divided by x(3)?
13
Suppose 3*i - 5*f = -11, -i - f = 4*i + 9. What is the remainder when -1 - -3 - -1*91 is divided by (-105)/(-5) - (i - 1)?
21
Suppose 2*h - 39 = -a, 2*a - 4*h + 5*h - 63 = 0. Suppose 12 = -29*b - 50 + 323. What is the remainder when a is divided by b?
2
Suppose -6*n = 11 - 77. Suppose 2*l - l - 24 = 0. What is the remainder when (-178)/(-6) + 8/l is divided by n?
8
Let a(y) = -3*y**3 - 2*y**2 + 3*y + 4. Let m be (-4)/(-8)*(2 + -10). Let i be ((-14)/21)/(m/(-18)). Calculate the remainder when a(i) is divided by 15.
13
Suppose 132 = 4*h + 3*u, 2*h - 8 - 68 = -4*u. What is the remainder when h is divided by (-2)/6 - (-68)/6?
8
What is the remainder when 76392/114 + (-32)/304 is divided by 52?
46
Suppose 0 = 31*j + 139 - 480. What is the remainder when 18 is divided by j?
7
Let q(f) = -f**3 + 10*f**2 + 29*f - 147. Suppose -5*j - 5*d = -170, d = -5*j + 42 + 136. What is the remainder when q(10) is divided by j?
35
Suppose 2*h + 1 - 7 = 0. Calculate the remainder when 28 + (-1)/(h/(-12)) is divided by 11.
10
Let m = 16 + -42. What is the remainder when 2/(-2 + (-54)/m) is divided by (-1)/(-4) + (-324)/(-48)?
5
Let b = -65 - -75. Calculate the remainder when (-1)/((-2)/(68/2)) is divided by b.
7
Let f(p) = -2*p + 1. Let z be f(3). Let l(o) = 3*o**2 + 6*o - 6. Calculate the remainder when l(z) is divided by 15.
9
Suppose 0 = -0*x - 4*x + 60. Let c be (-3 + 15)*(0 - (-12)/16). Suppose -c = f - 68. Calculate the remainder when f is divided by x.
14
Let d be (-5)/1*(4 - (-77)/(-35)). Suppose 0 = -2*u + 4*c + 94, -2*c + 106 = 2*u - 3*c. What is the remainder when u is divided by d/(-1) - 45/(-9)?
13
Calculate the remainder when 20 is divided by 1/(-6) + (-343)/(-42).
4
Let n(j) = -j**2 + 9*j. Suppose -5*z = 2*z - 1246. Let x = -125 + z. Calculate the remainder when x is divided by n(6).
17
Let n = -17 - -29. What is the remainder when (-2332)/(-52) - (8/(-52))/((-2)/(-2)) is divided by n?
9
Let g = -1051 - -1105. What is the remainder when g is divided by 33?
21
Suppose 28*d + 708 = 32*d. Calculate the remainder when d is divided by 30.
27
Let f(j) = -j**2 - 5*j + 7. Let m be f(-6). Suppose i = m, -5*v = 2*i - 7*i - 340. Let b = 33 + -15. Calculate the remainder when v is divided by b.
15
Let k be 7*(3 - 38/14). Suppose 0 = -2*n - 5*c + 113, -n + 26 = k*c - 28. Calculate the remainder when 87 is divided by n.
43
Suppose 0 = 3*o + 46 + 29. Let m be 3 - (1 - 35) - 1. Let q = o + m. What is the remainder when 20 is divided by q?
9
Suppose 5*s + 11*r - 302 = 9*r, 2*s + 2*r = 116. Calculate the remainder when s is divided by 26.
10
Let w be ((-12)/(-5))/((-44)/(-550)). Suppose -5*u = 68 - 8. Let l = u + w. Calculate the remainder when l is divided by 5.
3
Let h be (7 + -1)/((-4)/(-10)). Suppose -m = 6 - h. Calculate the remainder when m is divided by (-2)/(-6) + 84/18.
4
Suppose 0 = a - 2 - 2. Suppose 4*k + 4 = -2*s, 4*s - 8 = -s - 4*k. Suppose 5*l + 4*z - 23 = 0, l + 5*z = -a - s. What is the remainder when 11 is divided by l?
4
Let m(z) = z**2 - z. Let j be m(0). What is the remainder when 11 is divided by -3*2/(-3) + j?
1
Suppose 4*i - 5 = p + 9, -5*i + 10 = 0. Let w be ((-27)/p)/(3/(-4)). Let o(v) = v**3 + 6*v**2 - 4*v + 5. What is the remainder when o(w) is divided by 10?
9
Let l = -9 + 8. Let x(i) = 3*i**2 - i - 1. Let a be x(l). Suppose a*f - 2*f = 11. Calculate the remainder when 41 is divided by f.
8
Suppose -4*c = -3*c - 5, 3*q + 4*c = -280. Let j = q + 162. What is the remainder when j is divided by 17?
11
Let h(r) = 7*r**2 + r. Calculate the remainder when (19 + -5)/(8/12) is divided by h(1).
5
Let u(p) = -5*p - 8. Let j be u(0). Calculate the remainder when 160 is divided by j/((-32)/162) + (-1)/(-2).
37
Let n be (280/16)/((-1)/(-6)). Let p = -46 + n. Suppose 15 - p = -4*l. What is the remainder when l is divided by 7?
4
Suppose 243 = 9*k + 18*k. Calculate the remainder when 197 is divided by k.
8
Let d = -18 + 47. Suppose -11*j + 1824 = 5*j. Calculate the remainder when j is divided by d.
27
Let s = -42 - -52. Suppose y = s*y - 63. Calculate the remainder when 36 is divided by y.
1
Let g(k) = 9*k**2 + 3*k - 15. Let o be g(8). Suppose -4*t - o = -13*t. Suppose 0*n - 3*n + 66 = 0. Calculate the remainder when t is divided by n.
21
Suppose -f = -3*t + f + 67, -5*t + 97 = 4*f. Calculate the remainder when t is divided by 17.
4
Suppose -110 = -5*q - s, -3*q - 4*s + 3 = -2*q. What is the remainder when (-21 - (-10575)/517) + 1227/11 is divided by q?
19
Suppose 5*i + 88 + 467 = 0. Let j = -87 - i. What is the remainder when 116 is divided by j?
20
Suppose 5*d + 20 = 5*f - 0*f, 2*f = -5*d + 29. Let y be (f/(-2))/((-2)/12). Suppose y = h + 3*x, 0 + 9 = h - x. Calculate the remainder when 31 is divided by h.
7
Suppose -5*u + 78 = 5*g + 23, -5*g = -u + 23. Calculate the remainder when 22 is divided by u.
9
Let s(y) = -21*y**2 + 8*y. Let f be s(-5). What is the remainder when ((-3)/2)/1 - f/10 is divided by 30?
25
Calculate the remainder when 39 is divided by (10/2 - (-17 - -20)) + 6.
7
Suppose -c = 3*m - 4, 5*c + 3 = 8. Calculate the remainder when -13 + 50 + m*(-1)/(-1) is divided by 21.
17
Suppose -5*i + 14 = -4*i. What is the remainder when 404 is divided by i?
12
Let g = 545 + -41. Suppose 20*c = 18*c + g. Calculate the remainder when c is divided by 23.
22
Let y(t) = 9*t - 1. Let k be y(1). Let h be k/((3 - 1)/8). Suppose -p = -25 - h. Calculate the remainder when p is divided by 30.
27
Let h = -28 + 31. Suppose h*y + 2*i - 84 = 0, 0 = -y + 3*y - 5*i - 37. Calculate the remainder when 101 is divided by y.
23
Let g(s) = -s. Let v be g(-2). Suppose 2*a + 31 = -13*z + 8*z, 2*a = -2*z - 16. Calculate the remainder when v - (0 + a - 25) is divided by 17.
13
Suppose 6*l + 1007 = -2*l + 1391. Let w = 14 - 24. Let n = w - -20. What is the remainder when l is divided by n?
8
Suppose 55 = 3*a - 59. Let o(c) = 2*c**2 + 10*c - 21. Calculate the remainder when o(6) is divided by a.
35
Suppose 7*i + 16 = 8*i. Calculate the remainder when 76 is divided by i.
12
Let t(h) = 0*h**2 - 4 + h**2 + 7. Let n(i) = -i**3 + 3*i**2 + 3*i. Calculate the remainder when n(-3) is divided by t(3).
9
Suppose -3*n + 3 = -3. Suppose -n*s = s - 135. What is the remainder when s is divided by 16?
13
Suppose -5*c + 705 = 5*w, 80 - 656 = -4*w - c. What is the remainder when 558 is divided by w?
123
Let m(w) = 3*w**2 + 4. Calculate the remainder when 138*((-156)/(-18))/13 is divide